
What is the hundreds digit of 232987?
9
What is the units digit of 42121304?
4
What is the hundreds digit of 1367770?
7
What is the ten thousands digit of 1377643009?
4
What is the ten millions digit of 39708568?
3
What is the hundreds digit of 28647724?
7
What is the millions digit of 15348677?
5
What is the hundreds digit of 126521782?
7
What is the units digit of 1119587815?
5
What is the hundreds digit of 43066602?
6
What is the hundred thousands digit of 11350141?
3
What is the tens digit of 151589129?
2
What is the units digit of 208073237?
7
What is the ten millions digit of 41153110?
4
What is the hundreds digit of 153693377?
3
What is the ten millions digit of 152425925?
5
What is the tens digit of 363246302?
0
What is the thousands digit of 1189743414?
3
What is the tens digit of 26829252?
5
What is the tens digit of 4006393332?
3
What is the hundred millions digit of 383979259?
3
What is the hundreds digit of 407551688?
6
What is the millions digit of 723583806?
3
What is the hundred thousands digit of 2661812401?
8
What is the hundreds digit of 38897705?
7
What is the hundreds digit of 30119231?
2
What is the units digit of 185853652?
2
What is the tens digit of 23487029?
2
What is the hundred millions digit of 172354727?
1
What is the ten thousands digit of 5069767928?
6
What is the ten thousands digit of 1046121579?
2
What is the units digit of 94166644?
4
What is the hundreds digit of 2394913584?
5
What is the hundreds digit of 1271549502?
5
What is the hundred thousands digit of 39587700?
5
What is the hundred thousands digit of 69293281?
2
What is the thousands digit of 82400832?
0
What is the ten millions digit of 66122755?
6
What is the ten thousands digit of 35912811?
1
What is the tens digit of 1385298616?
1
What is the hundreds digit of 294313412?
4
What is the millions digit of 13625321?
3
What is the billions digit of 1658979651?
1
What is the ten millions digit of 6327325817?
2
What is the units digit of 130244662?
2
What is the millions digit of 39437471?
9
What is the millions digit of 16119234?
6
What is the units digit of 1341914772?
2
What is the hundred thousands digit of 199767039?
7
What is the millions digit of 230722501?
0
What is the tens digit of 216507284?
8
What is the hundred thousands digit of 726132440?
1
What is the ten millions digit of 46380856?
4
What is the thousands digit of 254039747?
9
What is the units digit of 88169140?
0
What is the hundreds digit of 7359729856?
8
What is the hundred thousands digit of 1266132021?
1
What is the thousands digit of 439597925?
7
What is the thousands digit of 67524573?
4
What is the billions digit of 1831144889?
1
What is the units digit of 631143447?
7
What is the hundreds digit of 74696576?
5
What is the hundreds digit of 123399531?
5
What is the ten millions digit of 773256517?
7
What is the ten millions digit of 300455828?
0
What is the hundred millions digit of 701442012?
7
What is the hundred thousands digit of 21981462?
9
What is the units digit of 66906574?
4
What is the ten thousands digit of 554263221?
6
What is the millions digit of 126103937?
6
What is the millions digit of 95133656?
5
What is the tens digit of 42973516?
1
What is the units digit of 275455152?
2
What is the hundreds digit of 62595613?
6
What is the hundreds digit of 219058965?
9
What is the hundred millions digit of 582790781?
5
What is the ten millions digit of 275150472?
7
What is the thousands digit of 3178479198?
9
What is the hundreds digit of 943119700?
7
What is the millions digit of 331283627?
1
What is the millions digit of 62889959?
2
What is the hundreds digit of 1138613979?
9
What is the millions digit of 59883319?
9
What is the thousands digit of 2258448953?
8
What is the hundred thousands digit of 1470549940?
5
What is the ten millions digit of 166527601?
6
What is the millions digit of 211262715?
1
What is the ten thousands digit of 86898101?
9
What is the hundred millions digit of 3736223239?
7
What is the ten millions digit of 322866448?
2
What is the tens digit of 160311792?
9
What is the thousands digit of 2320422074?
2
What is the ten thousands digit of 45207467?
0
What is the ten millions digit of 178784008?
7
What is the ten millions digit of 163108556?
6
What is the ten millions digit of 11904029?
1
What is the thousands digit of 1307752537?
2
What is the ten millions digit of 1587857433?
8
What is the units digit of 1025775951?
1
What is the ten millions digit of 29905662?
2
What is the thousands digit of 42216145?
6
What is the hundred millions digit of 959657658?
9
What is the units digit of 313494820?
0
What is the hundred millions digit of 207231002?
2
What is the ten millions digit of 354935970?
5
What is the tens digit of 294347843?
4
What is the ten millions digit of 139859489?
3
What is the hundred thousands digit of 4558803334?
8
What is the tens digit of 1043736?
3
What is the hundred thousands digit of 26425847?
4
What is the hundred thousands digit of 2130498514?
4
What is the thousands digit of 3324495959?
5
What is the ten thousands digit of 290394792?
9
What is the hundred thousands digit of 1393716903?
7
What is the hundreds digit of 355890464?
4
What is the hundreds digit of 1242024545?
5
What is the hundreds digit of 79541093?
0
What is the thousands digit of 76949900?
9
What is the ten millions digit of 90072210?
9
What is the ten millions digit of 14330387?
1
What is the hundred millions digit of 137441547?
1
What is the ten millions digit of 622327517?
2
What is the thousands digit of 124521039?
1
What is the tens digit of 34938476?
7
What is the thousands digit of 20506793?
6
What is the tens digit of 723583036?
3
What is the hundreds digit of 25772117?
1
What is the hundred millions digit of 2182980320?
1
What is the hundred millions digit of 366478315?
3
What is the units digit of 1796549?
9
What is the units digit of 154988376?
6
What is the millions digit of 1075584438?
5
What is the hundreds digit of 1298150340?
3
What is the thousands digit of 329846296?
6
What is the hundred millions digit of 4032973311?
0
What is the ten thousands digit of 12307622?
0
What is the thousands digit of 9865352?
5
What is the tens digit of 102212946?
4
What is the hundred thousands digit of 175220894?
2
What is the hundreds digit of 650183457?
4
What is the hundred thousands digit of 43782825?
7
What is the billions digit of 4597024408?
4
What is the ten millions digit of 1469183278?
6
What is the ten thousands digit of 71658338?
5
What is the hundreds digit of 93992580?
5
What is the units digit of 544600791?
1
What is the billions digit of 8321226867?
8
What is the millions digit of 17661258?
7
What is the ten thousands digit of 219668390?
6
What is the hundreds digit of 224138545?
5
What is the ten thousands digit of 2382221?
8
What is the hundred thousands digit of 89555202?
5
What is the tens digit of 532966940?
4
What is the ten millions digit of 270496955?
7
What is the thousands digit of 54173732?
3
What is the hundreds digit of 555029787?
7
What is the thousands digit of 61949423?
9
What is the millions digit of 89470801?
9
What is the ten thousands digit of 183881444?
8
What is the ten millions digit of 4950366317?
5
What is the hundred thousands digit of 342284142?
2
What is the hundred millions digit of 669148547?
6
What is the hundred thousands digit of 42931803?
9
What is the hundred thousands digit of 1496789942?
7
What is the hundred thousands digit of 1647500281?
5
What is the units digit of 198885198?
8
What is the units digit of 1038736009?
9
What is the hundreds digit of 1577423916?
9
What is the hundred millions digit of 169782893?
1
What is the hundreds digit of 104205984?
9
What is the tens digit of 4085603022?
2
What is the hundred thousands digit of 50115570?
1
What is the ten thousands digit of 33586712?
8
What is the hundreds digit of 2253433?
4
What is the hundreds digit of 12516058?
0
What is the thousands digit of 39422872?
2
What is the tens digit of 354117734?
3
What is the hundred millions digit of 249082103?
2
What is the hundred millions digit of 2233082410?
2
What is the hundreds digit of 471467526?
5
What is the millions digit of 19743456?
9
What is the hundred thousands digit of 737266863?
2
What is the thou